a be (304/(-28))/((-1)/14). What is the greatest common factor of a and 19?
19
Suppose 25 + 35 = 2*v. Calculate the greatest common divisor of 135 and v.
15
Suppose -4*w = 6*w - 110. Suppose -2*n + 5*a + 61 + 15 = 0, a = -2. Calculate the highest common factor of n and w.
11
Suppose -3533 = -5*f + 2*l, -f + 182 = -2*l - 531. What is the highest common divisor of f and 15?
15
Suppose 3*d - 4 - 2 = 0. Let s be 12/8 + 1/2. Let c be 3 + (s - 1) - 2. Calculate the greatest common factor of c and d.
2
Let p = 16 - 10. Let y(t) = t**3 + 0*t**3 + 25*t**2 - 17*t**2 - 8 - t. Let k be y(-7). What is the greatest common divisor of p and k?
6
Let i = 51 + -57. Let x = i - -30. Calculate the greatest common divisor of x and 6.
6
Let r = 13 + -6. Suppose 9*a - 4*a = -25. Let y(v) = v + 12. Let b be y(a). Calculate the greatest common factor of r and b.
7
Let a = 16 + -24. Let l be (a/(-12))/((-2)/(-48)). Let k(h) = 168*h - 2518. Let f be k(15). Calculate the highest common factor of f and l.
2
Suppose 0 = -3*f + 630 - 564. What is the highest common factor of f and 4?
2
Let b = 881 - 879. Calculate the greatest common factor of 50 and b.
2
Let n = -15 - -40. Let a be (-51 - -11)/((-4)/26). Let g = a + -185. What is the highest common factor of n and g?
25
Let t(o) = o**3 - 5*o**2 + 3*o - 6. Suppose 4*s = 8 + 12. Let y be t(s). What is the highest common divisor of y and 9?
9
Let c(b) = 3*b**2 + 15*b - 29. Let t(f) = 2*f**2 + 7*f - 15. Let z(v) = -3*c(v) + 5*t(v). Let m be z(9). What is the highest common divisor of m and 9?
3
Let q(s) = -s**3 + 8*s**2 + s - 6. Let n be q(8). Suppose -n*f + 358 = 94. Calculate the greatest common factor of f and 33.
33
Suppose 3*f - 21 = -u - 1027, f = -3*u - 330. Let j be ((-7)/(-14))/((-2)/f). Calculate the greatest common divisor of j and 6.
6
Suppose -3*h + 16 = -2*t - 27, 8 = -4*t. Let n = 14 - h. What is the greatest common divisor of 1 and n?
1
Let x(a) = -5*a**2 - 15*a - 15. Let r(q) = -11*q**2 - 31*q - 31. Let u(d) = 6*r(d) - 13*x(d). Let z be u(8). Calculate the greatest common divisor of 34 and z.
17
Let a = -1330 + 1341. Suppose 2*h - 4*s - 9 = -1, h + 4*s = 16. Let k be (-267)/(-12) - 2/h. Calculate the highest common divisor of a and k.
11
Suppose 16 = 4*b - 2*c, -5*b + 11 = -2*c - 8. Suppose 5*h = x + 449, b*h + h + 4*x - 364 = 0. Calculate the greatest common divisor of h and 10.
10
Let o = 34 - 13. Suppose -1132 = -5*w + 2383. Suppose 4*t - w = 53. What is the greatest common factor of t and o?
21
Let u(w) = -6*w + 9 + 7 - 6 + 5*w**2. Let m be u(5). Calculate the greatest common divisor of 15 and m.
15
Let c be 4/(-12)*(0 - 0) - (-966)/46. Suppose 1 + 8 = 3*y. What is the highest common factor of y and c?
3
Suppose -30*x + 578 = -472. Let c(m) = -44*m - 11. Let j be c(-9). What is the highest common factor of j and x?
35
Let c = -92 - -133. Let w = -29 + c. Suppose -2*d = -3*k + 210 + 38, 416 = 5*k - 2*d. Calculate the highest common factor of w and k.
12
Let n be 6/14 + (-448)/(-98). Suppose -2*t + 4679 = 5*w - 0*w, 0 = -3*w - 3*t + 2811. Suppose 0*g + n*g = w. What is the highest common divisor of g and 17?
17
Let g(z) = z**2 - 5*z + 4. Let h be g(3). Let l be (0 - h/3)*6. Let a be (-16)/72 + 218/9. Calculate the highest common factor of a and l.
4
Let f(v) be the second derivative of v**4/6 - v**3/6 + v**2/2 - 29*v. Let z be f(-2). What is the greatest common factor of z and 22?
11
Let n = -2 + 12. Suppose n = 2*s, 0*k - 4*k = -5*s - 299. What is the greatest common divisor of k and 27?
27
Suppose -2*n + 24 = 2*n. Let s(t) = 2*t**2 + 12*t - 2. Let z be s(-10). Calculate the greatest common factor of n and z.
6
Let k(a) = a - 10. Let w be k(10). Suppose 5 = 2*h - 3. Suppose -3*l + 148 = -n, -l + w*n = h*n - 45. What is the greatest common divisor of l and 7?
7
Let a(l) = -l + 6. Let u be a(6). Let h be 54 - ((-3 - u) + (-11)/11). Calculate the highest common divisor of h and 464.
58
Suppose -5*i - m = -2, 4*i + 0 + 11 = -5*m. Let o(l) = 178*l - 3. Let t be o(i). Calculate the greatest common factor of 25 and t.
25
Let u = -228 + 240. What is the highest common factor of u and 768?
12
Suppose o + 4*p - 6 = 0, -4*o - 5*p + 2*p = -11. Suppose -o*l + 0*l = 5*s - 186, -8 = -4*s. Calculate the greatest common factor of 44 and l.
44
Let w(o) = -o**2 - o - 9. Let k be w(-4). Let j = k - -29. Calculate the greatest common divisor of j and 64.
8
Suppose 3*h + 3536 = 16*h. What is the greatest common divisor of h and 17?
17
Let v(j) = j**3 + 3*j**2 - 14*j + 5. Let q be v(-4). What is the greatest common factor of 45 and q?
45
Let a be (8 - 2)*-1*1*-1. Suppose a*v = 81 + 105. What is the highest common factor of v and 279?
31
Let i be ((-18)/(-45))/(2/980). Suppose -44 - i = -5*q. Calculate the highest common factor of q and 120.
24
Let v = 231 - 83. Calculate the highest common divisor of v and 185.
37
Let f = 226 - 198. What is the highest common factor of f and 7?
7
Let b be (-1)/(-3) - (-4)/((-36)/(-339)). What is the highest common factor of b and 19?
19
Suppose 0 = -b + 3*b + 44. Let x = b - -28. What is the greatest common divisor of 2 and x?
2
Let h(q) = q**3 - 43*q**2 - 41*q - 112. Let g be h(44). Let w = 12 + -8. What is the greatest common divisor of g and w?
4
Suppose -76 = -8*r + 220. What is the highest common divisor of 999 and r?
37
Let j be (-12)/(-4) + -3 + 1. Suppose 0 = -2*m + 3*m + j, -k = -m - 3. Suppose 84 = -k*s + 5*s. Calculate the highest common factor of 140 and s.
28
Let h(k) = 16*k**2 + 10*k + 14. Let v be h(-4). Calculate the greatest common factor of 40 and v.
10
Let k be (-2)/(-2) - (-266)/7. Let l = -2 + 15. What is the highest common factor of l and k?
13
Let h be (-248)/(-14) + 2/7. Suppose w + 2*c = -c + h, -c = 0. What is the greatest common factor of 9 and w?
9
Let l(d) = -5*d**3 - 14*d**2 - 17*d + 19. Let q be l(-6). What is the greatest common factor of 17 and q?
17
Suppose -10*t + 261 + 4899 = 0. Calculate the highest common divisor of t and 12.
12
Let g be (-6)/(-15) - (-1842)/(-30). Let r = 62 + g. What is the greatest common divisor of r and 7?
1
Let n(o) = -6*o - 1. Let m be n(-1). Let x = -2 + m. Suppose 0 = -4*h - 2*c + 32, h + x*c = -3*h + 36. What is the greatest common divisor of h and 6?
6
Let l be 4*-3*(-18)/2. Suppose 2*z + l = 5*z. Let a = 336 + -282. What is the greatest common divisor of z and a?
18
Suppose -29*h - 4*h + 462 = 0. Calculate the highest common divisor of 196 and h.
14
Let c be 37/(-111) + ((-338)/6)/(-1). Calculate the greatest common factor of c and 98.
14
Let b(z) = -z**3 - 12*z**2 - 2*z + 16. Let w be b(-12). Let a be w/(-15) - (-4)/6. Let y be (45/6)/(a/(-28)). Calculate the greatest common factor of 15 and y.
15
Suppose 98*q - 67*q = 1209. Calculate the highest common factor of q and 69.
3
Suppose -5*z = -362 - 243. Calculate the highest common factor of z and 33.
11
Suppose 4*n = m - 199, -2*m + n + 116 + 275 = 0. What is the greatest common factor of 45 and m?
15
Let i(b) = 50*b**2 + 3*b + 23. Let u be i(-3). Calculate the greatest common factor of 58 and u.
58
Let s(c) = c**3 - 15*c**2 + 3*c - 12. Suppose -23*l - 90 = -29*l. Let g be s(l). Let z = -29 + 40. What is the greatest common factor of g and z?
11
Let g(s) = s**2 - 11*s + 45. Suppose -4*c - u + 28 = -4*u, -c + 2*u + 2 = 0. Let n be g(c). Calculate the highest common divisor of 10 and n.
5
Let b(w) = w**3 - 2*w**2 + 13*w - 14. Let f be b(5). What is the highest common factor of 72 and f?
18
Let o(l) = -l**3 - 7*l**2 + 3. Let n = 36 + -43. Let f be o(n). Calculate the greatest common factor of f and 57.
3
Suppose 25*n - 602 = 27*n. Let u = -211 - n. What is the greatest common divisor of u and 10?
10
Let a(x) = x**2 - 14*x + 47. Let f be a(9). Suppose 5*p + o = -f*o + 11, 4*p - 10 = -3*o. Calculate the greatest common factor of p and 4.
1
Let r = -5 + 7. Suppose 3*v - r*v - 60 = 0. Suppose 2*o - s = v, 0*s - 12 = 3*s. Calculate the highest common divisor of o and 4.
4
Let k be 27 + (3 - 2)/1. Suppose -20 = -4*j, 4*t - 249 = 27*j - 32*j. Calculate the highest common factor of t and k.
28
Let o = 13 - 5. Let x be o + (-1 - 2/1). Calculate the highest common divisor of x and 55.
5
Suppose 0 = -o - 0*k - 2*k + 25, -5*o - 3*k + 104 = 0. Suppose -o*a = -14*a - 1560. What is the greates